{"id":71,"date":"2017-05-09T15:47:12","date_gmt":"2017-05-09T13:47:12","guid":{"rendered":"https:\/\/mclawmedia.com\/entw\/?page_id=71"},"modified":"2020-03-08T20:25:02","modified_gmt":"2020-03-08T19:25:02","slug":"buecher","status":"publish","type":"page","link":"https:\/\/mclawmedia.com\/entw\/buecher\/","title":{"rendered":"B\u00fccher"},"content":{"rendered":"<p class=\"p1\"><span class=\"s1\"><strong>Bisher wurden die folgenden B\u00fccher\u00a0von McLaw ver\u00f6ffentlicht<\/strong>:<\/span><\/p>\n<p>&nbsp;<\/p>\n<p>&nbsp;<\/p>\n<p><span class=\"s1\">\u00bb<strong>Wie ein wilder Sturm<\/strong>\u00ab ist der vierte Teil der Poems\/Songs Serie, die es nun auch als komplette <strong>E-Book Serie<\/strong> gibt.<\/span><\/p>\n<p>&nbsp;<\/p>\n<p><em><strong>Bez\u00fcglich seiner Gedichtb\u00e4nde k\u00f6nnte man sagen<\/strong><\/em>:<\/p>\n<p><strong>Linkin Park, Placebo und Damien Saez<\/strong> pressen es auf eine CD, McLaw zwischen zwei Buchdeckel. Viele sagen \u00fcber ihn, er sei einer der letzten echten Romantiker. Aber das ist vielleicht nur die halbe Wahrheit&#8230; er ist auch Rebell, Freigeist und Querdenker, der Gedankenanst\u00f6\u00dfe geben, den Leser anstupsen und ihn zum Nachdenken anregen m\u00f6chte&#8230;<\/p>\n<p><span class=\"s1\"><strong>Sein Stil<\/strong> ist pur und ohne Zuckerguss, trotzdem muss man als Leser auch mal zwischen den Zeilen lesen k\u00f6nnen, um die Botschaften dahinter zu entdecken.<\/span><\/p>\n<p><span class=\"s1\"><strong>Mac McLaw<\/strong> wurde bekannt durch seinen deutschen Deb\u00fct Roman \u00bb<strong>Dreamhunter<\/strong>\u00ab.\u00a0<\/span><\/p>\n","protected":false},"excerpt":{"rendered":"<p>Bisher wurden die folgenden B\u00fccher\u00a0von McLaw ver\u00f6ffentlicht: &nbsp; &nbsp; \u00bbWie ein wilder Sturm\u00ab ist der vierte Teil der Poems\/Songs Serie, die es nun auch als komplette E-Book Serie gibt. &nbsp; Bez\u00fcglich seiner Gedichtb\u00e4nde k\u00f6nnte man sagen: Linkin Park, Placebo und&hellip; <\/p>\n","protected":false},"author":1,"featured_media":0,"parent":0,"menu_order":0,"comment_status":"closed","ping_status":"closed","template":"","meta":{"footnotes":""},"class_list":["post-71","page","type-page","status-publish","hentry"],"yoast_head":"<!-- This site is optimized with the Yoast SEO plugin v25.7 - https:\/\/yoast.com\/wordpress\/plugins\/seo\/ -->\n<title>B\u00fccher &#187; Entw \/ Mac McLaw<\/title>\n<meta name=\"robots\" content=\"index, follow, max-snippet:-1, max-image-preview:large, max-video-preview:-1\" \/>\n<link rel=\"canonical\" href=\"https:\/\/mclawmedia.com\/entw\/buecher\/\" \/>\n<meta property=\"og:locale\" content=\"de_DE\" \/>\n<meta property=\"og:type\" content=\"article\" \/>\n<meta property=\"og:title\" content=\"B\u00fccher &#187; Entw \/ Mac McLaw\" \/>\n<meta property=\"og:description\" content=\"Bisher wurden die folgenden B\u00fccher\u00a0von McLaw ver\u00f6ffentlicht: &nbsp; &nbsp; \u00bbWie ein wilder Sturm\u00ab ist der vierte Teil der Poems\/Songs Serie, die es nun auch als komplette E-Book Serie gibt. &nbsp; Bez\u00fcglich seiner Gedichtb\u00e4nde k\u00f6nnte man sagen: Linkin Park, Placebo und&hellip;\" \/>\n<meta property=\"og:url\" content=\"https:\/\/mclawmedia.com\/entw\/buecher\/\" \/>\n<meta property=\"og:site_name\" content=\"Entw \/ Mac McLaw\" \/>\n<meta property=\"article:publisher\" content=\"https:\/\/www.facebook.com\/macmclaw\" \/>\n<meta property=\"article:modified_time\" content=\"2020-03-08T19:25:02+00:00\" \/>\n<meta name=\"twitter:card\" content=\"summary_large_image\" \/>\n<meta name=\"twitter:site\" content=\"@macmclaw\" \/>\n<meta name=\"twitter:label1\" content=\"Gesch\u00e4tzte Lesezeit\" \/>\n\t<meta name=\"twitter:data1\" content=\"1\u00a0Minute\" \/>\n<script type=\"application\/ld+json\" class=\"yoast-schema-graph\">{\"@context\":\"https:\/\/schema.org\",\"@graph\":[{\"@type\":\"WebPage\",\"@id\":\"https:\/\/mclawmedia.com\/entw\/buecher\/\",\"url\":\"https:\/\/mclawmedia.com\/entw\/buecher\/\",\"name\":\"B\u00fccher &#187; Entw \/ Mac McLaw\",\"isPartOf\":{\"@id\":\"https:\/\/mclawmedia.com\/entw\/#website\"},\"datePublished\":\"2017-05-09T13:47:12+00:00\",\"dateModified\":\"2020-03-08T19:25:02+00:00\",\"breadcrumb\":{\"@id\":\"https:\/\/mclawmedia.com\/entw\/buecher\/#breadcrumb\"},\"inLanguage\":\"de\",\"potentialAction\":[{\"@type\":\"ReadAction\",\"target\":[\"https:\/\/mclawmedia.com\/entw\/buecher\/\"]}]},{\"@type\":\"BreadcrumbList\",\"@id\":\"https:\/\/mclawmedia.com\/entw\/buecher\/#breadcrumb\",\"itemListElement\":[{\"@type\":\"ListItem\",\"position\":1,\"name\":\"Startseite\",\"item\":\"https:\/\/mclawmedia.com\/entw\/\"},{\"@type\":\"ListItem\",\"position\":2,\"name\":\"B\u00fccher\"}]},{\"@type\":\"WebSite\",\"@id\":\"https:\/\/mclawmedia.com\/entw\/#website\",\"url\":\"https:\/\/mclawmedia.com\/entw\/\",\"name\":\"Entw \/ Mac McLaw\",\"description\":\"Independent Autor aus dem Ruhrgebiet\",\"potentialAction\":[{\"@type\":\"SearchAction\",\"target\":{\"@type\":\"EntryPoint\",\"urlTemplate\":\"https:\/\/mclawmedia.com\/entw\/?s={search_term_string}\"},\"query-input\":{\"@type\":\"PropertyValueSpecification\",\"valueRequired\":true,\"valueName\":\"search_term_string\"}}],\"inLanguage\":\"de\"}]}<\/script>\n<!-- \/ Yoast SEO plugin. -->","yoast_head_json":{"title":"B\u00fccher &#187; Entw \/ Mac McLaw","robots":{"index":"index","follow":"follow","max-snippet":"max-snippet:-1","max-image-preview":"max-image-preview:large","max-video-preview":"max-video-preview:-1"},"canonical":"https:\/\/mclawmedia.com\/entw\/buecher\/","og_locale":"de_DE","og_type":"article","og_title":"B\u00fccher &#187; Entw \/ Mac McLaw","og_description":"Bisher wurden die folgenden B\u00fccher\u00a0von McLaw ver\u00f6ffentlicht: &nbsp; &nbsp; \u00bbWie ein wilder Sturm\u00ab ist der vierte Teil der Poems\/Songs Serie, die es nun auch als komplette E-Book Serie gibt. &nbsp; Bez\u00fcglich seiner Gedichtb\u00e4nde k\u00f6nnte man sagen: Linkin Park, Placebo und&hellip;","og_url":"https:\/\/mclawmedia.com\/entw\/buecher\/","og_site_name":"Entw \/ Mac McLaw","article_publisher":"https:\/\/www.facebook.com\/macmclaw","article_modified_time":"2020-03-08T19:25:02+00:00","twitter_card":"summary_large_image","twitter_site":"@macmclaw","twitter_misc":{"Gesch\u00e4tzte Lesezeit":"1\u00a0Minute"},"schema":{"@context":"https:\/\/schema.org","@graph":[{"@type":"WebPage","@id":"https:\/\/mclawmedia.com\/entw\/buecher\/","url":"https:\/\/mclawmedia.com\/entw\/buecher\/","name":"B\u00fccher &#187; Entw \/ Mac McLaw","isPartOf":{"@id":"https:\/\/mclawmedia.com\/entw\/#website"},"datePublished":"2017-05-09T13:47:12+00:00","dateModified":"2020-03-08T19:25:02+00:00","breadcrumb":{"@id":"https:\/\/mclawmedia.com\/entw\/buecher\/#breadcrumb"},"inLanguage":"de","potentialAction":[{"@type":"ReadAction","target":["https:\/\/mclawmedia.com\/entw\/buecher\/"]}]},{"@type":"BreadcrumbList","@id":"https:\/\/mclawmedia.com\/entw\/buecher\/#breadcrumb","itemListElement":[{"@type":"ListItem","position":1,"name":"Startseite","item":"https:\/\/mclawmedia.com\/entw\/"},{"@type":"ListItem","position":2,"name":"B\u00fccher"}]},{"@type":"WebSite","@id":"https:\/\/mclawmedia.com\/entw\/#website","url":"https:\/\/mclawmedia.com\/entw\/","name":"Entw \/ Mac McLaw","description":"Independent Autor aus dem Ruhrgebiet","potentialAction":[{"@type":"SearchAction","target":{"@type":"EntryPoint","urlTemplate":"https:\/\/mclawmedia.com\/entw\/?s={search_term_string}"},"query-input":{"@type":"PropertyValueSpecification","valueRequired":true,"valueName":"search_term_string"}}],"inLanguage":"de"}]}},"_links":{"self":[{"href":"https:\/\/mclawmedia.com\/entw\/wp-json\/wp\/v2\/pages\/71","targetHints":{"allow":["GET"]}}],"collection":[{"href":"https:\/\/mclawmedia.com\/entw\/wp-json\/wp\/v2\/pages"}],"about":[{"href":"https:\/\/mclawmedia.com\/entw\/wp-json\/wp\/v2\/types\/page"}],"author":[{"embeddable":true,"href":"https:\/\/mclawmedia.com\/entw\/wp-json\/wp\/v2\/users\/1"}],"replies":[{"embeddable":true,"href":"https:\/\/mclawmedia.com\/entw\/wp-json\/wp\/v2\/comments?post=71"}],"version-history":[{"count":1,"href":"https:\/\/mclawmedia.com\/entw\/wp-json\/wp\/v2\/pages\/71\/revisions"}],"predecessor-version":[{"id":838,"href":"https:\/\/mclawmedia.com\/entw\/wp-json\/wp\/v2\/pages\/71\/revisions\/838"}],"wp:attachment":[{"href":"https:\/\/mclawmedia.com\/entw\/wp-json\/wp\/v2\/media?parent=71"}],"curies":[{"name":"wp","href":"https:\/\/api.w.org\/{rel}","templated":true}]}}